 - 3 + g**2 + 7*g - 2. Give w(a).
6
Let a(q) = 7*q**2 - 7*q + 11. Let d(b) = -8*b**2 + 7*b - 12. Let f = 4 - -3. Let c(g) = f*a(g) + 6*d(g). Give c(5).
-5
Let b(q) = q**2 + 4. Let m = -1 - -1. Suppose 4*h + m*t + 2*t = 22, -2*t = 2*h - 16. What is b(h)?
13
Let y(d) = 5*d**2 - 21*d + 5. Let m(t) = -3*t**2 + 11*t - 3. Suppose i - 3*q = 6*i - 23, -5*i = q - 31. Let c(b) = i*m(b) + 4*y(b). Determine c(-5).
9
Let d(k) be the third derivative of k**5/60 + 7*k**3/6 - 4*k**2 + 10*k. Suppose -2*b = 3*i + 9, b - 14 + 5 = 3*i. Determine d(b).
7
Let z(v) = -2*v - 3. Suppose 4*f = 5*f - 6. Suppose -2*s + 0*s - f = 0. What is z(s)?
3
Let g(n) = -7*n + 3. Let z(y) = 1 - 2*y - 11*y + 4. Let l(m) = -7*g(m) + 4*z(m). Determine l(-2).
5
Let b(f) be the third derivative of -f**5/12 - f**4/24 + f**2. Let g = 55 + -56. Calculate b(g).
-4
Let l(o) = 6 + 194*o - 3 - 197*o. Let z be (-1 + -2)*2/(-3). Give l(z).
-3
Let t = 21 + -12. Let j be (8/6)/(t/27). Let i(z) = -2*z + 5. Calculate i(j).
-3
Let m(v) = v**3 - v**2 + v + 1. Let a(t) = -5*t**3 + 11*t**2 - 11*t - 4. Let q(r) = -a(r) - 4*m(r). Calculate q(6).
6
Let x(k) be the third derivative of k**4/12 - k**3 + 4*k**2. Suppose 0 = 2*c - 3*c + 4. Give x(c).
2
Let w(t) = 4*t - 1. Let c(f) = 1. Let m(o) = -19*o - 1. Let a(k) = -6*c(k) - m(k). Let v(q) = 2*a(q) - 11*w(q). What is v(1)?
-5
Let w(p) = -3*p**3 - 2*p**2 + 8*p + 8. Let j(c) = 2*c**3 + c**2 - 5*c - 5. Let n(z) = 8*j(z) + 5*w(z). Let h = 6 - 4. Determine n(h).
0
Suppose -3*h + 15 = 6. Let w(y) = y**2 - 8*y + 6. Let t(n) = n - 1. Let i(j) = 6*t(j) + w(j). Let k be i(h). Let o(f) = f**2 - 3*f. Calculate o(k).
0
Let w be (0 - 1)*(-1 - 0). Let x(v) = v - 2. Determine x(w).
-1
Let t(m) = -2*m + 6. Let z(l) = -2*l - 7. Let b be z(-5). Let n(h) = 1. Let u(v) = b*n(v) - t(v). Calculate u(-3).
-9
Suppose -3*y = -8*y + 20. Let w(u) = 0*u - 3 + 4*u + y - 2*u. Determine w(2).
5
Let k(y) = -2*y + 3. Let b(w) = w**2 + 4*w + 7. Let c be b(-3). Determine k(c).
-5
Let m(s) = s**2 + 6*s + 1. Let p be m(-5). Let z(q) = -21*q - 36. Let b(x) = -4 + 3 + 3*x + 6. Let k(w) = -15*b(w) - 2*z(w). Determine k(p).
9
Let v(t) = t**2 - 7*t + 3. Let j be 0 - (-4 - (-8)/(-4)). Calculate v(j).
-3
Let d(q) = q**2 + 2*q - 7. Let f(j) = j. Let x(z) = 3*z + 1. Let g(o) = -4*f(o) + x(o). Let k be 1*5 + -1 - -1. Let u(b) = k*g(b) + d(b). Calculate u(-2).
8
Let w be (-3)/(-2) + (-1)/(-2). Suppose p + 1 = r, -w - 10 = -4*r. Let o(n) = -10*n + 2*n**p - n**2 + 1 + 7*n. Determine o(3).
1
Let f = 34 + -45. Let j(o) = o + 11. What is j(f)?
0
Let v = -16 - -14. Let r(j) = 2*j**2 + 2*j + 3. What is r(v)?
7
Let v(b) = 4*b - 3. Let f be v(2). Let g(a) = a**2 - 5*a - 7. What is g(f)?
-7
Let c(r) be the second derivative of r**4/12 - r**3/6 - 3*r**2/2 + 6*r. Calculate c(0).
-3
Let h(j) = -j - 4. Let r(y) = y**3 + 6*y**2 - 7*y - 5. Let f(m) = -2*m - 3. Let p be f(-2). Let z be -3 + (p + -6 - -1). Let l be r(z). What is h(l)?
1
Let q(w) = -w**2 - 2*w - 1. Let a be 20/(-8)*2/(-5). Suppose -a + 4 = -c. Determine q(c).
-4
Let u(r) = 2*r + 8. Suppose 6*m + 12 + 36 = 0. Determine u(m).
-8
Let x(r) be the second derivative of r**4/12 + r**3 + 7*r**2/2 - r. Suppose 0 = -4*v - 10 - 10. What is x(v)?
2
Let t = 2 - 0. Let v(w) be the second derivative of w**6/180 - w**5/60 + w**4/12 + w**3/3 - 3*w. Let y(c) be the second derivative of v(c). Calculate y(t).
6
Let t = -3 - -8. Suppose 0 = 2*f + 8, 2*g - t*f - 10 = -3*f. Let q(p) = p - 2*p - p**2 - 3*p**2. Calculate q(g).
-5
Let c(t) = t**3 - t**2 + t + 1. Let l(x) = -x**2 - 7*x - 4. Let g be 1/(((-8)/(-14))/(-4)). Let n be l(g). Let k be ((-4)/n)/((-2)/2). Calculate c(k).
-2
Let y = 10 + -11. Let j = 2 - y. Let w(u) be the third derivative of -u**4/8 + u**3/6 + 2*u**2. What is w(j)?
-8
Let z(h) = -h. Let g = -14 + 13. Let m(n) = -7*n - 9. Let j(l) = g*m(l) + 6*z(l). Give j(-4).
5
Let h(w) = 4*w**3 - 2*w**2 - 6*w + 1. Let y(l) = -5*l**3 + 2*l**2 + 7*l - 1. Let d(p) = -4*h(p) - 3*y(p). Give d(4).
-21
Let k(h) = h**3 + 8*h**2 + h + 6. Let d be k(-8). Let t(r) be the first derivative of -r**4/4 - 2*r**3/3 - 3. What is t(d)?
0
Let k(y) = -2*y - 2. Let u(v) = -3*v**2 - 1. Suppose 2*r - r + 1 = 0. Let f be u(r). What is k(f)?
6
Let t(v) = 4*v**2 - 7*v + 1. Let l(q) = 3*q**2 - 7*q + 2. Suppose 5*o - j + 4 + 5 = 0, 2*o + 3*j = -7. Let f(y) = o*t(y) + 3*l(y). Calculate f(4).
-8
Let i be (-10)/(-4)*(-2)/(-1). Let l = -20 + 33. Suppose 4*u = -i + l. Let o(h) = -h**3 - h**2 + 3*h - 1. What is o(u)?
-7
Let v be (0 - 2)*5/(-10). Let c be 6 - (-3 + 2) - v. Let x(q) = q**2 - 8*q + 7. Determine x(c).
-5
Let w(i) = 2*i**2 - 2*i + 4. Let y be 13/5 + 6*(-3)/(-45). What is w(y)?
16
Let t(a) be the third derivative of 0*a + 1/3*a**3 + 1/60*a**5 + 0 + 1/8*a**4 + 6*a**2. Give t(-3).
2
Let c(d) = d**3 + 3*d**2 - d - 4. Let a be c(-2). Let m(j) = 2*j**3 - 2*j**2 - j + 2. Calculate m(a).
8
Let t be (5/15)/((-1)/3). Let h(s) = -28*s**2 - 10*s + 4. Let k(u) = -9*u**2 - 3*u + 1. Let g(i) = 2*h(i) - 7*k(i). Determine g(t).
7
Let t = -13 + 8. Let w(m) be the second derivative of -m**4/12 - 7*m**3/6 - 3*m**2 - 2*m. What is w(t)?
4
Let s(h) = 6*h + 1. Let l(b) = -5*b - 1. Let t(u) = 5*l(u) + 4*s(u). Give t(-5).
4
Let b(o) = -2*o + 3. Let f(r) = 10*r - 15. Let m(j) = 11*b(j) + 2*f(j). Let z = 11 - 8. Calculate m(z).
-3
Let x(u) = -2*u + 3. Suppose 0 = 3*o - 0*o - 9. Calculate x(o).
-3
Let v(q) = q**3 + 7*q**2 + 8*q + 6. Let r be v(-6). Let o(a) = -a. What is o(r)?
6
Let u(o) = 2*o**3 - 5*o**2 + 5*o - 3. Let w(m) = 3*m**3 - 7*m**2 + 8*m - 4. Let l(v) = 8*u(v) - 5*w(v). Give l(5).
-4
Let m be 1*(-2 + 0)/(-1). Let h(i) be the second derivative of -1/3*i**3 + 0 + i - i**2 + 1/4*i**4. What is h(m)?
6
Let v(l) = -l**3 + 5*l**2 - 5*l - 3. Suppose -3*b + 4 = 4*w, -6*b = -b - 2*w - 24. Suppose f + 2*f + 4*n - 20 = 0, -3*n = -b*f + 10. Give v(f).
-7
Let v(o) = o - 12. Let w(h) = -1. Let z = -9 + 10. Let r(c) = z*v(c) - 4*w(c). What is r(0)?
-8
Let m(p) be the second derivative of p**5/20 + p**4/3 + p**3/3 - p**2/2 - 15*p. Calculate m(-2).
3
Let y(r) = r + 4. Let n be y(-4). Let i(d) = -5*d - 6 + d**2 + n*d**2 - 2*d**2. Suppose -4*m = 3*c + 5, -m + 2*m - 5*c + 30 = 0. Calculate i(m).
-6
Suppose -2*b = 3*b + s + 20, 5*b + 30 = s. Let g(l) = -4*l**2 + 5*l - 22. Let r(j) = j**2 - 2*j + 7. Let d(c) = 2*g(c) + 7*r(c). Determine d(b).
0
Let j(b) = -b**2 - 21*b - 44. Let x be j(-19). Let s(n) = n**3 + 7*n**2 + 6*n + 3. Give s(x).
3
Let b(r) = r**2 + 7. Let k(j) = -j**3 + 3*j**2. Let w be k(3). Suppose w = 6*n - n. Give b(n).
7
Let v be 3/6*-6 - (-1 + -4). Let r(l) = -l**3 + 3*l**2 - 2*l + 3. What is r(v)?
3
Let i = -1 - -4. Let a = 0 - i. Let c(u) be the second derivative of 5*u**3/6 + 2*u**2 - u. Give c(a).
-11
Let h(p) = 2*p - 3. Let o(s) = -s + 2. Let z = -17 - -20. Let m(g) = z*o(g) + 2*h(g). Calculate m(4).
4
Let j = 12 - 7. Let t(n) = n. Let c(w) = -3*w + 7. Let f(l) = j*t(l) + c(l). Determine f(-5).
-3
Let z = -138 - -137. Let x(i) = -7*i + 1. Give x(z).
8
Suppose 0*h + 4*h = -20. Let r(z) = -z**2 + 11. Let t(i) = -i**2 + i + 12. Let d(n) = 5*r(n) - 4*t(n). Give d(h).
2
Let y(g) be the second derivative of g**5/20 + g**3/6 + g**2/2 + 7*g. What is y(0)?
1
Let u(n) be the first derivative of -n**4/4 + n**3 + 5*n**2/2 - 2*n + 3. Let v(r) = 3*r**3 - r**2 - 2*r - 1. Let z be v(-1). Let b be -2 - z/3*6. Give u(b).
2
Let o(q) = q**2 + 7*q. Suppose 12 = -2*h - 2. Determine o(h).
0
Suppose -3*g = 2*g - 4*u - 25, 0 = 3*g - 3*u - 18. Let j be 3/g + 2/(-2). Let t(x) be the third derivative of x**6/120 - x**4/24 + x**2. Give t(j).
6
Let c(f) = -f**3 - 4*f**2 + f + 1. Suppose 0*l = -5*l - 20. Let d be ((-2)/l)/((-4)/(-8)). Let x be (d*2)/(1/(-2)). What is c(x)?
-3
Let d(a) = -3*a**2 + 1. Let y be (-1)/(-4) + (-86)/(-8). Let u = y + -7. Suppose -2*b = -6*b - u. Give d(b).
-2
Let m(a) = 4*a**3 - 3*a**2 - 1. Let r(h) = -7*h**3 + 5*h**2 + h + 2. Let o(v) = -5*m(v) - 3*r(v). Give o(3).
17
Let w(t) = t**2 - 1. Suppose -9 = -7*x + 4*x. Determine w(x).
8
Let y(f) = 10*f. Let j(w) = -w. Let a(h) = 45*j(h) + 4*y(h). What is a(1)?
-5
Let p(t) be the second derivative of -t**4/6 - t**2/2 + 2*t. Let x be ((-2)/4)/(2/(-8)). What is p(x)?
-9
Let v = -28 - -53. Let a = -18 + v. Suppose -2*j - a = -4*y + y, 3*y - 9 = 3*j. Let d(c) = c**3 + 3*c**2 - 